r of 2928 and 636?
12
What is the greatest common divisor of 565587 and 495?
99
What is the highest common divisor of 387 and 123840?
387
Calculate the highest common factor of 12046 and 7291.
317
Calculate the highest common factor of 12208 and 254624.
1744
Calculate the highest common factor of 6152 and 4.
4
Calculate the highest common factor of 2125 and 974865.
85
Calculate the highest common divisor of 52 and 1304602.
26
What is the highest common divisor of 4160 and 5668?
52
What is the greatest common divisor of 199836 and 4641?
273
Calculate the greatest common factor of 20 and 326920.
20
What is the highest common factor of 54 and 21906?
18
What is the highest common factor of 40 and 375560?
40
What is the greatest common divisor of 41533 and 1107?
41
What is the greatest common divisor of 3813 and 1648487?
1271
Calculate the highest common divisor of 332170 and 1770.
590
What is the highest common divisor of 88595 and 5499?
611
What is the highest common divisor of 312002 and 730?
146
Calculate the highest common factor of 828 and 3474.
18
What is the greatest common factor of 45 and 126198?
9
What is the highest common divisor of 9854 and 26?
26
What is the highest common factor of 278 and 101887?
139
Calculate the greatest common divisor of 3109376 and 16.
16
What is the highest common factor of 315 and 389160?
45
What is the highest common factor of 126 and 166383?
63
Calculate the greatest common divisor of 106 and 253870.
106
What is the highest common divisor of 10 and 316490?
10
Calculate the highest common factor of 602 and 1715.
7
Calculate the greatest common factor of 6656 and 11264.
512
What is the greatest common divisor of 5670 and 5810?
70
Calculate the greatest common divisor of 390700 and 100.
100
Calculate the greatest common factor of 542688 and 8.
8
Calculate the highest common divisor of 2124 and 3606.
6
Calculate the greatest common divisor of 392441 and 245.
49
Calculate the highest common divisor of 315 and 1317785.
35
What is the highest common divisor of 258 and 18877?
43
What is the highest common factor of 21 and 163331?
7
What is the greatest common divisor of 434359 and 19?
19
Calculate the greatest common factor of 15316602 and 2814.
2814
What is the greatest common factor of 149744 and 910?
14
Calculate the greatest common factor of 1713312 and 144.
144
Calculate the greatest common factor of 112 and 5677.
7
Calculate the greatest common factor of 78 and 426530.
26
Calculate the highest common factor of 1480 and 20480.
40
Calculate the highest common divisor of 917 and 682379.
131
What is the highest common factor of 483 and 2611098?
483
What is the greatest common divisor of 781 and 9229?
11
What is the highest common factor of 217 and 11347?
7
Calculate the greatest common factor of 10 and 632035.
5
What is the highest common divisor of 70 and 122710?
70
Calculate the highest common divisor of 1015 and 3465.
35
Calculate the highest common divisor of 5904 and 9054.
18
Calculate the highest common factor of 75390 and 114.
6
Calculate the highest common divisor of 1952194 and 148.
74
What is the highest common factor of 3528 and 651?
21
What is the highest common factor of 364 and 649740?
364
What is the highest common divisor of 502777 and 11?
11
Calculate the highest common factor of 55981 and 6142.
37
Calculate the highest common divisor of 8150 and 230.
10
Calculate the highest common factor of 718 and 101597.
359
What is the greatest common factor of 19621 and 70?
7
Calculate the highest common factor of 2106 and 494442.
234
What is the highest common factor of 1116 and 648?
36
Calculate the highest common divisor of 24 and 439.
1
What is the greatest common factor of 153 and 14954526?
153
What is the highest common divisor of 892 and 58?
2
What is the highest common divisor of 172107 and 78?
39
What is the greatest common divisor of 8115 and 215?
5
What is the highest common factor of 156 and 268428?
12
What is the highest common divisor of 207 and 74313?
207
Calculate the highest common factor of 22852 and 203.
29
What is the highest common divisor of 66930 and 12?
6
What is the highest common divisor of 1160 and 5960?
40
Calculate the greatest common divisor of 20548 and 242.
22
What is the highest common factor of 1781 and 69733?
137
What is the greatest common factor of 111315 and 17835?
615
What is the greatest common divisor of 2343 and 60705?
213
Calculate the highest common divisor of 86820 and 7680.
60
Calculate the highest common divisor of 11226 and 18.
6
Calculate the highest common divisor of 839709 and 819.
117
Calculate the highest common factor of 7392 and 36267.
231
What is the highest common divisor of 16 and 13256?
8
Calculate the greatest common factor of 39429 and 117.
117
What is the greatest common divisor of 2429052 and 5964?
852
Calculate the highest common factor of 107 and 123157.
107
Calculate the highest common factor of 30046 and 498.
166
What is the greatest common factor of 2938 and 2444?
26
Calculate the greatest common factor of 123 and 86715.
123
Calculate the greatest common divisor of 8174 and 21106.
122
Calculate the greatest common divisor of 2600436 and 12.
12
Calculate the greatest common factor of 136 and 52.
4
What is the highest common divisor of 2315917 and 62?
31
What is the highest common divisor of 4208991 and 94?
47
What is the highest common divisor of 8661587 and 19?
19
Calculate the highest common divisor of 1050 and 316400.
350
Calculate the highest common divisor of 416 and 376928.
32
What is the greatest common divisor of 162 and 12402?
18
What is the greatest common factor of 61490 and 325?
65
What is the greatest common factor of 612 and 91120?
68
What is the greatest common divisor of 25460 and 1151060?
1340
What is the greatest common factor of 1 and 48473?
1
What is the greatest common divisor of 6860 and 1030?
10
Calculate the highest common divisor of 3 and 17129.
1
What is the greatest common divisor of 368 and 1488?
16
Calculate the greatest common divisor of 524 and 137681.
131
What is the greatest common factor of 7866 and 10602?
342
Calculate the greatest common factor of 87 and 1163799.
87
Calculate the greatest common divisor of 782 and 7889.
23
What is the greatest common divisor of 218 and 56680?
218
What is the greatest common factor of 86 and 31046?
86
Calculate the greatest common factor of 1023 and 141.
3
Calculate the greatest common factor of 2667 and 346329.
381
Calculate the greatest common divisor of 2144 and 916158.
134
Calculate the highest common divisor of 28 and 37808.
4
What is the highest common factor of 83676 and 25323?
1101
Calculate the highest common divisor of 128440 and 104.
104
Calculate the highest common factor of 129519 and 615.
123
Calculate the highest common factor of 832676 and 26.
26
What is the greatest common divisor of 22 and 22418?
22
What is the greatest common divisor of 49086 and 137562?
606
What is the highest common divisor of 105447 and 33?
3
What is the highest common factor of 69803 and 7553?
83
Calculate the greatest common divisor of 14313 and 585.
39
Calculate the greatest common factor of 170694 and 2523.
87
What is the highest common factor of 26901 and 21609?
441
What is the highest common divisor of 416412 and 54?
18
What is the highest common divisor of 35482 and 678?
226
Calculate the greatest common divisor of 255688 and 17608.
248
Calculate the highest common divisor of 85 and 1180837.
17
What is the highest common factor of 22560 and 1200?
240
Calculate the highest common divisor of 55199 and 30923.
289
What is the greatest common divisor of 207968 and 144?
16
What is the highest common divisor of 123 and 99794?
41
What is the highest common divisor of 3456 and 34794?
18
Calculate the greatest common factor of 95 and 968335.
95
What is the highest common factor of 333311 and 55?
11
Calculate the greatest common divisor of 9078 and 4272.
534
Calculate the greatest common factor of 20382 and 1032.
258
Calculate the greatest common factor of 1296 and 1872.
144
Calculate the greatest common factor of 161 and 207529.
161
Calculate the highest common divisor of 61556 and 792.
44
What is the highest common factor of 528 and 123420?
132
Calculate the highest common divisor o